 4. Let s be k(16). Suppose -252 = 4*p - 13*p. Suppose p + 68 = q. What is the greatest common divisor of q and s?
12
Let c be (-2077)/(-9) + (-4)/(-18). Let i = 21 + -17. Suppose 0 = i*p - 20, -4*j + 5*p = 18 - 77. What is the highest common divisor of c and j?
21
Let i be (914 - -1) + (250 - 262). What is the greatest common factor of 21 and i?
21
Let q(z) = z + 4. Let i be q(-2). Suppose i*d - 5 = -4*a + 21, a = -2*d + 14. What is the highest common factor of 30 and d?
5
Suppose -3*i + 27 = l, 5*i - 8*l - 28 = -4*l. Let x be (-16)/7 - i/(-28). Let r be 1/x + (-63)/(-6). What is the highest common divisor of r and 10?
10
Suppose 3*m - 2*r + 432 = -6*r, -5*r = -4*m - 607. Let j = m - -208. Suppose -2*k - 3*k = -j. Calculate the greatest common divisor of 84 and k.
12
Suppose 4*g + 108 = -0*g. Let z be 8 - (-9)/(g/(-6)). What is the greatest common divisor of z and 20?
10
Suppose 4*u = 3*w + 39 - 203, -219 = -4*w + 5*u. Calculate the highest common divisor of 1176 and w.
56
Let q(b) = -b**2 + 28*b - 27. Let l be q(19). Calculate the highest common divisor of l and 45.
9
Let b be 6/(12/5 - 2). Suppose i + 5*x = -0*x + 20, 3*x - 3 = 0. Calculate the highest common divisor of i and b.
15
Suppose -o = 3*o - 12. Suppose o*c - 16 = c. Let y = -93 - -105. Calculate the highest common factor of y and c.
4
Let u = 387 + -341. What is the greatest common divisor of u and 782?
46
Suppose 2*x + 5*f = 1277, 3*f - 711 + 72 = -x. Suppose -12*p = -x - 300. Calculate the greatest common factor of 6 and p.
6
Let r be 30*(-2 - (-60)/25). Suppose -39*h = -33*h - r. What is the greatest common factor of 4 and h?
2
Let g be ((-3)/((-18)/(-8)))/((-30)/(-225)). Let p(z) = -z**3 - 10*z**2 - 14*z - 8. Let f be p(g). Calculate the highest common divisor of f and 44.
44
Suppose 2*t - 143 - 5 = 0. Let d = t + -49. Calculate the highest common divisor of d and 225.
25
Suppose 2*d = -b + 67, 4*b - 2*d - d - 323 = 0. What is the highest common factor of b and 33?
11
Let t(f) = 6*f - 1. Let k be t(1). Suppose -4*y + 3*x + 114 = -y, -y - 5*x = -68. Suppose -z + k = -y. Calculate the greatest common divisor of 6 and z.
6
Let m be (32/(-10))/(30/(-75)). Let y be (-162)/(-10) - (33/15 - 2). Calculate the highest common factor of m and y.
8
Suppose 70 = 2*z + 7*p + 3*p, z + p = 27. Calculate the highest common divisor of z and 25.
25
Let z(v) = -v - 8. Let w be z(-10). Let s be 3 - (4/(-2) - -1). Suppose 9*o - s*o - 70 = 0. What is the highest common divisor of w and o?
2
Let c be ((-31)/4)/(55/440). Suppose -55 = -4*a - 227. Let r = a - c. Calculate the highest common factor of r and 171.
19
Suppose 15 = 5*f - 10. Suppose -5 = -y - j + 4, f*j = -3*y + 27. What is the highest common factor of 63 and y?
9
Let r(s) = s**2 - 6*s - 79. Let q be r(-7). Calculate the highest common factor of q and 39.
3
Suppose m - 5 = -2. Calculate the highest common factor of 6 and m.
3
Suppose 4*f - 4*z - 136 = 0, -3*z - 166 + 28 = -4*f. Calculate the highest common factor of f and 9.
9
Let l be (-19)/(-6) - (-4)/(-24). Suppose -28 = -l*d + 17. Calculate the greatest common divisor of d and 75.
15
Let i(b) = b**3 - 4*b**2 + b - 5. Let r = -6 + 10. Let o be i(r). Let a be o/2 - (-321)/2. Calculate the greatest common divisor of 16 and a.
16
Suppose -2*b - 3*b - u + 105 = 0, b + 2*u = 30. Suppose 14*w + 4*w = 72. What is the greatest common factor of b and w?
4
Let t be (546/(-56))/(1/376). Let c be (1 + t)*14/(-35). Let q be c/14 - 16/(-56). What is the greatest common factor of q and 42?
21
Let z be (-28)/(-14)*7/(-2). Let r be 18/(2/z*(-14)/22). Calculate the greatest common factor of 11 and r.
11
Suppose 4*y - 9 = 3*g, 0*y - 19 = y - 5*g. Let s(z) = z**3 - 5*z**2 + 2*z - 8. Let x be s(y). Let v = 82 + -22. What is the greatest common divisor of v and x?
20
Suppose 758 = 14*u - 838. What is the highest common divisor of 1254 and u?
114
Let h(f) = f + 9. Let y be h(-3). Let n be 178/12 - (-1)/y. Calculate the highest common divisor of n and 10.
5
Let c be ((-1)/3)/(15072/(-1674) - -9). Calculate the highest common factor of 248 and c.
31
Let a be ((-50)/(-15))/((-6)/(-99)). Calculate the highest common divisor of a and 121.
11
Let x be 3/(-6) + (-22)/12*-3. Calculate the greatest common factor of x and 15.
5
Suppose 5 = 5*w, 0*w = -t - 2*w + 11. Let o be (-15)/20*8/(-6). Calculate the greatest common divisor of o and t.
1
Suppose 0*d - 20 = -4*d. Suppose 0 = -4*h + 3*a + 112, d*h - 141 = -a + 5*a. Calculate the greatest common factor of h and 15.
5
Suppose -595 + 535 = -2*m. Calculate the greatest common divisor of m and 54.
6
Let s be -666*(54/12 + -5). What is the greatest common factor of s and 36?
9
Let x(u) = -u + 7. Let q be x(-1). Calculate the greatest common factor of 152 and q.
8
Let c(g) = 2*g**2 + 3*g - 19. Let j = 37 + -43. Let b be c(j). What is the highest common divisor of b and 5?
5
Suppose 2*j + 5*b = 3*b + 250, 4*j - 472 = 3*b. Calculate the highest common factor of j and 11.
11
Suppose -23*y = -19*y - 12. Suppose 0 = -2*h + j + 50 + 28, -y*h + 2*j + 119 = 0. What is the highest common divisor of h and 111?
37
Suppose -53 = -4*r + t + 74, 4*t + 60 = 2*r. Suppose 0 = 14*y + 33*y - 188. Calculate the highest common divisor of r and y.
4
Suppose 4*k - 9*v - 43 = -8*v, 0 = k - v - 13. Calculate the highest common factor of k and 2510.
10
Let z = -28 + 24. Let v be (-12)/z + 4 - 3. Calculate the greatest common factor of v and 44.
4
Suppose -y - 16 = 3*y. Let x be (-15 + -1)*(y + 2). Let h be (-1 - -4) + 95 - 10/5. Calculate the highest common divisor of x and h.
32
Suppose 26*g - 29*g + 33 = 0. Calculate the highest common divisor of g and 517.
11
Let p(h) = -3*h - 2. Let y be p(-1). Suppose 2*o = -4*u + 16, 2*o + u - 14 = -2*u. Suppose o*a = 6*a - 2. Calculate the highest common divisor of y and a.
1
Let s be 4/(-6)*6/4. Let o = 69 - s. Suppose 0 = n - 14 - 14. What is the highest common factor of o and n?
14
Let y = -4 - -6. Suppose -1 = y*p - 11. What is the highest common divisor of 1 and p?
1
Suppose 0 = -3*h - 2*h + 25, -3*h = -2*y - 169. Let c be (-3 + 18/14)*y. Let b be ((-14)/3)/((-8)/c). Calculate the highest common factor of 11 and b.
11
Let f = 54 - -1. Suppose -34*b = -33*b - 11. Calculate the greatest common divisor of f and b.
11
Let x = -9 - -14. Let d(t) be the second derivative of t**5/20 - t**4/4 - t**3 - 3*t**2 + 30*t. Let h be d(x). What is the greatest common factor of 112 and h?
14
Suppose 0 = 3*b + 2*r - 64, 26 = -0*b + 2*b - 2*r. Let o = 31 + b. Let t(y) = -y**2 - 7*y + 1. Let n be t(-6). What is the highest common divisor of o and n?
7
Let w(u) = u**2 - 15*u + 7. Let x(z) = -z**2 + 14*z - 6. Let l(d) = 6*w(d) + 7*x(d). Let v be l(6). Calculate the highest common divisor of v and 96.
12
Let j(l) = -l**2 + 7*l. Let t be (1 - 2)*-4 - -1. Let y be j(t). Suppose -y = 4*i + i - 4*m, -3*m + 23 = 4*i. What is the greatest common divisor of 4 and i?
2
Let z(x) = x**3 + 2*x**2 - 5*x - 24. Let u be z(4). What is the greatest common divisor of 143 and u?
13
Let i be (16/6)/(13/39). Suppose 2*j = -0*j + i. Let t be 1 + 0/j + 3. Calculate the highest common factor of t and 12.
4
Suppose 4*l - 60 = 148. Suppose -5*d - 6*x + 60 = -11*x, -2*x = -2. Calculate the highest common factor of l and d.
13
Let t = 10 - 5. Let p(h) = -6*h - 27. Let j be p(-5). Suppose 2*a = -0*a + 8, d = a - j. Calculate the greatest common factor of d and t.
1
Let a(l) = 79*l - 21. Let j be a(3). What is the greatest common factor of j and 24?
24
Let p = -14 + 19. Calculate the greatest common divisor of 40 and p.
5
Let o(w) = 2*w**2 - 17*w + 75. Let c be o(-15). Suppose 0 = -3*p + 5*d + 633 - 196, -c = -5*p - 2*d. What is the greatest common factor of p and 22?
22
Let a be (34/3)/((-2)/3). Let u = a - -19. Suppose -3*d = -4*d + u. Calculate the greatest common divisor of 4 and d.
2
Let o(l) = 4*l - 6. Let b be o(2). Suppose -b*n + 13 - 7 = 0. Suppose 6*i - n*i = 408. What is the greatest common divisor of i and 17?
17
Suppose -5*x = -q - 11, -2*x = 5*q - 3*q - 14. Suppose 5*u + 3*k - 194 = 0, q*k - 80 = -5*u + 112. What is the highest common divisor of 60 and u?
20
Suppose 75 = 2*l + 3*l. Suppose 3*n = -l, 3*n - 4*n - 5 = -2*w. Suppose -a + 25 + 19 = w. What is the greatest common divisor of 110